factor of 417?
False
Is 663 a multiple of 6?
False
Is 13 a factor of 871?
True
Does 20 divide 81931?
False
Is 1596 a multiple of 38?
True
Does 79 divide 17380?
True
Is 55 a factor of 4785?
True
Is 660 a multiple of 111?
False
Is 12247 a multiple of 19?
False
Does 91 divide 405?
False
Does 8 divide 720?
True
Is 3648 a multiple of 107?
False
Is 61 a factor of 2623?
True
Is 6 a factor of 1147?
False
Is 7 a factor of 181?
False
Is 170 a multiple of 15?
False
Is 18 a factor of 108?
True
Does 212 divide 37340?
False
Is 9589 a multiple of 43?
True
Is 191 a factor of 62493?
False
Does 15 divide 59687?
False
Is 15 a factor of 366?
False
Is 60165 a multiple of 63?
True
Does 100 divide 3346?
False
Is 4967 a multiple of 8?
False
Is 179 a factor of 1407?
False
Does 19 divide 1026?
True
Does 14 divide 1722?
True
Is 18 a factor of 16056?
True
Is 1583 a multiple of 8?
False
Does 12 divide 444?
True
Is 9 a factor of 840?
False
Is 8 a factor of 816?
True
Is 1492 a multiple of 18?
False
Does 15 divide 8504?
False
Is 12 a factor of 4922?
False
Is 2859 a multiple of 89?
False
Does 5 divide 170?
True
Is 29 a factor of 1435?
False
Is 3871 a multiple of 79?
True
Is 39 a factor of 2715?
False
Does 4 divide 754?
False
Is 558 a multiple of 18?
True
Is 11 a factor of 4862?
True
Is 265 a factor of 49555?
True
Is 7 a factor of 234?
False
Is 10 a factor of 1710?
True
Is 3840 a multiple of 12?
True
Is 23484 a multiple of 81?
False
Is 3239 a multiple of 19?
False
Does 7 divide 558?
False
Is 10832 a multiple of 77?
False
Does 217 divide 6944?
True
Does 3 divide 4575?
True
Does 4 divide 893?
False
Is 690 a multiple of 60?
False
Does 17 divide 18656?
False
Is 50 a factor of 2182?
False
Is 20 a factor of 1680?
True
Is 47 a factor of 3471?
False
Is 11 a factor of 231?
True
Is 17 a factor of 4008?
False
Is 8 a factor of 224?
True
Is 15 a factor of 28727?
False
Is 56484 a multiple of 12?
True
Does 2 divide 193?
False
Is 103 a multiple of 3?
False
Is 7 a factor of 6286?
True
Does 87 divide 7221?
True
Does 12 divide 252?
True
Does 31 divide 682?
True
Is 1677 a multiple of 39?
True
Does 75 divide 110345?
False
Is 18 a factor of 4894?
False
Is 22 a factor of 944?
False
Is 12 a factor of 3272?
False
Is 11 a factor of 1650?
True
Is 3 a factor of 195?
True
Is 83 a multiple of 7?
False
Is 20 a factor of 2120?
True
Does 62 divide 118773?
False
Is 167 a factor of 9185?
True
Does 31 divide 31062?
True
Is 39096 a multiple of 22?
False
Does 2 divide 83?
False
Is 1962 a multiple of 109?
True
Is 3944 a multiple of 17?
True
Does 16 divide 555?
False
Is 5767 a multiple of 8?
False
Is 7800 a multiple of 60?
True
Is 3440 a multiple of 43?
True
Is 3 a factor of 223?
False
Is 20 a factor of 240?
True
Is 73 a factor of 2117?
True
Is 2162 even?
True
Is 9 a factor of 479?
False
Does 2 divide 73?
False
Does 3 divide 1911?
True
Is 14605 a multiple of 23?
True
Is 42 a factor of 8736?
True
Does 5 divide 19904?
False
Is 2704 a multiple of 20?
False
Does 22 divide 1096?
False
Is 3699 a multiple of 27?
True
Is 4 a factor of 192?
True
Is 24 a factor of 888?
True
Does 61 divide 1769?
True
Is 18 a factor of 62442?
True
Is 5797 a multiple of 11?
True
Is 157 a factor of 8949?
True
Does 21 divide 28254?
False
Is 837 a multiple of 93?
True
Is 99 a factor of 1782?
True
Is 1650 a multiple of 110?
True
Does 40 divide 360?
True
Is 3194 a multiple of 11?
False
Is 6199 a multiple of 23?
False
Does 17 divide 11231?
False
Is 6099 a multiple of 19?
True
Does 19 divide 2394?
True
Is 10 a factor of 14104?
False
Is 412 a multiple of 13?
False
Does 53 divide 65278?
False
Does 64 divide 131?
False
Does 20 divide 740?
True
Is 64 a factor of 5184?
True
Is 12 a factor of 684?
True
Is 73003 a multiple of 156?
False
Does 6 divide 1416?
True
Does 51 divide 85588?
False
Is 96 a factor of 14439?
False
Does 11 divide 121?
True
Does 11 divide 10417?
True
Is 21 a factor of 630?
True
Does 44 divide 3476?
True
Is 1537 a multiple of 11?
False
Is 9598 a multiple of 19?
False
Does 317 divide 6586?
False
Does 75 divide 17850?
True
Is 71 a factor of 5709?
False
Does 2 divide 1165?
False
Is 28401 a multiple of 30?
False
Is 1471 a multiple of 7?
False
Is 17 a factor of 768?
False
Is 36369 a multiple of 81?
True
Is 102 a multiple of 15?
False
Is 89573 a multiple of 43?
False
Is 254 a factor of 24638?
True
Is 68052 a multiple of 15?
False
Does 5 divide 10?
True
Does 12 divide 9085?
False
Does 28 divide 536?
False
Is 1627 a multiple of 22?
False
Is 12922 a multiple of 182?
True
Is 23 a factor of 1633?
True
Is 7439 a multiple of 173?
True
Does 54 divide 2320?
False
Does 42 divide 84?
True
Is 7076 a multiple of 29?
True
Is 55 a factor of 23734?
False
Is 18 a factor of 2496?
False
Does 54 divide 11848?
False
Is 238 a multiple of 12?
False
Does 5 divide 358?
False
Does 19 divide 1527?
False
Is 13 a factor of 603?
False
Is 39704 a multiple of 14?
True
Does 34 divide 1666?
True
Is 35705 a multiple of 159?
False
Is 5775 a multiple of 25?
True
Is 28 a factor of 433?
False
Is 143 a multiple of 4?
False
Is 5 a factor of 476?
False
Is 2 a factor of 1331?
False
Does 26 divide 737?
False
Is 510 a multiple of 25?
False
Does 28 divide 29736?
True
Is 3008 a multiple of 8?
True
Is 79 a factor of 710?
False
Does 18 divide 47937?
False
Is 43 a factor of 73801?
False
Is 12642 a multiple of 14?
True
Is 10 a factor of 14933?
False
Is 3274 a multiple of 59?
False
Does 8 divide 89?
False
Does 7 divide 966?
True
Is 1869 a multiple of 38?
False
Is 2967 a multiple of 72?
False
Does 53 divide 8374?
True
Does 35 divide 146184?
False
Does 21 divide 648?
False
Is 740 a multiple of 37?
True
Does 72 divide 3226?
False
Does 14 divide 3304?
True
Is 28 a factor of 2856?
True
Is 16800 a multiple of 200?
True
Is 3 a factor of 193?
False
Is 17495 a multiple of 28?
False
Does 46 divide 5525?
False
Does 5 divide 1825?
True
Is 98301 a multiple of 81?
False
Does 25 divide 825?
True
Is 535 a multiple of 58?
False
Does 152 divide 1045?
False
Is 406 a multiple of 8?
False
Is 582 a multiple of 31?
False
Does 12 divide 828?
True
Is 51 a factor of 721?
False
Does 11 divide 363?
True
Is 5252 a multiple of 6?
False
Is 164 a multiple of 23?
False
Is 331 a multiple of 14?
False
Is 33 a multiple of 2?
False
Is 5 a factor of 147?
False
Is 65381 a multiple of 364?
False
Is 1150 a multiple of 17?
False
Does 92 divide 184?
True
Does 55 divide 323?
False
Does 3 divide 2741?
False
Does 254 divide 31496?
True
Is 21 a factor of 105?
True
Is 1189 a multiple of 26?
False
Is 90 a factor of 6030?
True
Is 8 a factor of 3280?
True
Does 21 divide 285?
False
Is 14 a factor of 714?
True
Does 31 divide 5888?
False
Does 93 divide 6696?
True
Is 13 a factor of 8473?
False
Is 16587 a multiple of 10?
False
Is 1535 a multiple of 72?
False
Is 4935 a multiple of 28?
False
Does 42 divide 84?
True
Is 1833 a multiple of 47?
True
Is 53 a factor of 795?
True
Is 15351 a multiple of 21?
True
Is 26 a factor of 29198?
True
Is 11 a factor of 6545?
True
Is 14504 a multiple of 37?
True
Is 3197 a multiple of 16?
False
Is 2128 a multiple of 28?
True
Is 173 a factor of 2249?
True
Does 17 divide 867?
True
Does 249 divide 25896?
True
Is 6 a factor of 450?
True
Does 16 divide 9589?
False
Does 37 divide 68156?
False
Does 5 divide 8615?
True
Is 76 a factor of 211?
False
Is 24 a factor of 7435?
False
Is 4 a factor of 260?
True
Is 361 a multiple of 19?
True
Does 8 divide 1248?
True
Is 690 a multiple of 16?
False
Is 55 a factor of 81785?
True
Is 6329 a multiple of 45?
False
Is 4 a factor of 3208?
True
Is 90 a factor of 5760?
True
Does 9 divide 4644?
True
Does 10 divide 2710?
True
Is 146 a multiple of 6?
False
Is 238 a multiple of 14?
True
Does 14 divide 22778?
True
Is 478 a multiple of 2?
True
Is 70 a multiple of 10?
True
Does 23 divide 27305?
False
Does 68 divide 640?
False
Does 12 divide 389?
False
Is 400 a multiple of 57?
False
Does 164 divide 17158?
False
Is 35 a factor of 3465?
True
Does 14 divide 602?
True
Is 9026 a multiple of 72?
False
Is 90 a factor of 4950?
True
Does 14 divide 2842?
True
Is 31070 a multiple of 14?
False
Is 48 a factor of 38736?
True
Is 3 a factor of 146?
False
Is 59994 a multiple of 18?
True
Does 19 divide 3938?
False
Does 44 divide 6468?
True
Is 50 a multiple of 10?
True
Does 14 divide 25516?
False
Is 3053 a multiple of 71?
